/(3/(-9)). Let f = v + 59. Let o = -27 - f. Is o prime?
True
Suppose 31*n - 2*b = 35*n - 155288, -4*n + 5*b = -155274. Is n a prime number?
True
Is 69730158/345 + (6/10 - 2) a prime number?
False
Let f = -1285 - -1836. Is f prime?
False
Let d(z) = z - 14. Let q be d(19). Suppose 0 = -4*t + 3*j - 0*j + 1367, q*t + j = 1704. Let g = 446 + t. Is g a composite number?
False
Suppose l - 12 = -3*l, 15055 = 2*p - l. Suppose -p = -3*z - 5*f, 3*f - 12527 = -4*z - z. Is z composite?
False
Suppose 24*u = 20*u + 24. Suppose -12 = -6*f + u. Suppose -5*j + f*h + 13820 = 0, 3*j - 4*h - 11436 + 3133 = 0. Is j a prime number?
False
Suppose -4*j + 53230 = -96718. Let r = -92107 + j. Is 3/7 + r/(-35) composite?
True
Suppose -286*x + 30292474 = 183*x - 7724197. Is x prime?
False
Let q be (-1)/(246/(-81) + 3). Let a = 993 - 268. Suppose q*x - 32*x = -a. Is x a composite number?
True
Let m = 561 - 316. Suppose -8*b = -2492 - 1156. Let o = b - m. Is o prime?
True
Let b(o) = 1399*o - 76. Is b(2) a prime number?
False
Suppose 7*u - 3*u + 8 = 0. Let l = u + 18. Let o = l - -393. Is o prime?
True
Let m = -35487 - -106450. Is m a composite number?
True
Let f = 378227 + -221373. Is f prime?
False
Let a(r) be the first derivative of 618*r**4 - r**2/2 + 69. Is a(1) prime?
False
Suppose 16*n + 2*t = 12*n + 766962, -5*t - 191724 = -n. Is n a composite number?
True
Let q = -124621 + 214374. Is q composite?
False
Suppose 0 = -4*j + 101 + 843. Suppose -4*x - 389 = -0*x + 3*c, -2*c = -2. Let y = j - x. Is y a prime number?
False
Suppose 0*n + 11484 = 3*n. Let s be (-67674)/(-10) + (-28)/70*1. Let b = s - n. Is b a composite number?
False
Let c(x) = 4 - 5 + 5 + 4 + 10*x + 27*x**2. Is c(-3) a prime number?
False
Suppose 5082 + 448 = 10*f. Suppose -f = n - 4496. Is n composite?
False
Let d(t) = -t**3 + 47*t**2 + 2*t - 10. Let q be d(6). Suppose -16 = -5*b + b. Suppose 0 = -2*k + b*m + q, 0*k + 4*k = 4*m + 2968. Is k a prime number?
False
Let i be 1 - 36/(-90)*(0 - -20). Suppose i = 10*x - 71. Suppose -8121 = -x*b + 1087. Is b a prime number?
True
Suppose 12 = 4*q, -3*h + 7322 = -h + 2*q. Suppose 0 = -r + 1393 + h. Is r a composite number?
False
Let n(o) = -2*o**2 + 6*o**2 - o**2 - o - 10*o - 2. Let b be n(4). Suppose 0 = 6*i - b*i - 3004. Is i a composite number?
False
Suppose 6*n + 15445 = 77179. Is n composite?
False
Suppose 4*z = j + 115662, 5*z + 56*j - 144585 = 61*j. Is z composite?
True
Suppose -8*d + 1307188 - 205740 = 0. Suppose -14*j - 46387 = -d. Is j a prime number?
True
Suppose 90*j = 83*j + 10290. Let w = j + 977. Is w a prime number?
True
Is 8/12 - (6 + 239277/(-9)) prime?
False
Let q be (7/(-7))/(3/(-33)). Suppose 12*z = 5*i + q*z - 8, 6 = -i + 4*z. Let l(r) = 129*r**3 + 4*r**2 + 3*r - 5. Is l(i) composite?
False
Let v = -62864 - -129417. Is v a composite number?
False
Let s = 353 + -171. Is (-11)/(-44) + s/8 composite?
False
Let o(b) = b**3 + 12*b**2 + 10*b - 7. Let q be o(-11). Let r be 2/1 + (q - 2). Suppose -r*u - 2*x = -u - 2641, u - 897 = -4*x. Is u a prime number?
True
Let z(r) = r**2 - 14*r - 22. Let s be z(16). Suppose 0 = -16*t + s*t + 2382. Is t a composite number?
False
Suppose -f - 4*m = -11617, 0 = 2*f + 2*m - 5*m - 23267. Let j = f - 1386. Is j a prime number?
True
Suppose 378 = -z - 6*z. Let c = 51 + z. Is c*(-2 - -3)*248/(-24) a prime number?
True
Let r(d) = 11*d**3 - 9*d**2 + 26*d + 2. Let n be r(8). Let k = 8715 - n. Is k a composite number?
False
Let g(v) = 31*v**3 - 58*v**2 - 14*v - 184. Is g(17) prime?
True
Let b be (28897/74)/((-2)/4 - -1). Let a = -440 + b. Is a a prime number?
False
Let y(q) = 2*q**3 + 7*q**2 - 7. Let i be y(-3). Is (56407 + i)/(1*(-6 - -9)) a composite number?
False
Let s = -125 + 127. Suppose -2*r + 10066 = 5*n, s*n = r - 2*r + 5033. Is r prime?
False
Let p(w) = -2*w**3 - 3*w**2 + 4*w + 3. Let x be p(-3). Let z = 5 - x. Let i(s) = -s**3 + 9*s**2 + 17*s + 8. Is i(z) a prime number?
False
Let w(s) = 9*s**2 + 43*s + 247. Is w(46) a prime number?
True
Suppose 0 = -h + 3*h - 10. Suppose -28 = 4*s - j, h*s - 4*s = -5*j - 7. Is (-4)/14 - 11461/s a prime number?
True
Let g be (-3 - 4) + 18 + (-1 - 1). Suppose 0 = -g*x + 13*x. Suppose x = -7*r + 2321 + 2936. Is r composite?
False
Let f be ((-2)/2)/((-1)/1721). Suppose 4*c = -4*b + 4796, 4804 = -16*c + 20*c - 4*b. Let x = f - c. Is x a composite number?
False
Let x(b) be the third derivative of b**4/6 - 16*b**3/3 - 5*b**2. Let t be x(-13). Let o = t + 605. Is o composite?
False
Let s be (-21)/(-9) - 14/(-21). Let z be 4*(6/s + -1). Suppose -j + 3*j - 22 = u, 5*j + z*u - 55 = 0. Is j a prime number?
True
Let a be (15 - -19)/((-41)/(-20) - 2). Let k = 1419 - a. Is k composite?
False
Suppose 2*t + 5*n = 18, 0*n + n = 5*t - 18. Suppose -2*z = 2*u - 4502, -z + 2255 = -u + t*u. Is z a prime number?
False
Suppose 0 = 4*t - 4*p + 12, 3*t - 2*t + 4*p = -18. Let d(k) = 3*k**2 + 14*k + 25. Let v be d(t). Suppose -8628 = v*h - 53*h. Is h a composite number?
True
Suppose -4*r - 144*a = -148*a - 4969968, -3*r + 2*a + 3727471 = 0. Is r a composite number?
False
Let f = -86944 - -304526. Is f composite?
True
Let q(l) = 4428*l**2 + 102*l + 1165. Is q(-27) composite?
False
Suppose i + 10 = 3*s, 5*s + 1 - 16 = 2*i. Suppose i*l + 19*l - 61392 = 0. Is l a composite number?
True
Let z(j) = 9*j**2 - 64*j + 183. Is z(-52) a composite number?
False
Let h be 28/21 - (-4)/6. Suppose -15 + 2 = -3*l - h*d, -4*l - 2*d = -18. Suppose l*w = w + 716. Is w a composite number?
False
Suppose 0 = -4*t + 4, -10*k + 5*k - 46 = -t. Is (-9597)/7*15/k a composite number?
True
Suppose 77*k = -109*k + 65*k + 76662817. Is k a composite number?
True
Let o(d) = -d - 6. Let b be o(-3). Suppose -3*a + 7*a = 228. Is (1*b)/(a/(-1463)) a prime number?
False
Let x = 256 - -1843. Let o = 2962 - x. Is o a prime number?
True
Let y(m) be the third derivative of -161*m**4/12 - 7*m**3/2 - 2*m**2. Let o be (55/(-22))/((-15)/(-24)). Is y(o) composite?
True
Let b(i) = 2*i**3 - 56*i**2 - 25*i + 1016. Is b(33) a prime number?
False
Let t(g) = 15354*g**2 + 12*g + 20. Let r be t(-3). Suppose 2*m - r = -4*z, 3*m - 7*m - 69070 = -2*z. Is z prime?
False
Let d(y) = 59*y**2 + 5*y - 1. Let g(p) be the second derivative of -5*p**4 - 2*p**3/3 + p**2/2 + 16*p. Let u(a) = -6*d(a) - 7*g(a). Is u(3) a prime number?
True
Let y(f) = -837*f - 2701. Is y(-12) prime?
False
Suppose -2*c + 12 = 2*l - 4, -l - 4*c = -23. Let v be (1 - l) + -3 + 60/5. Suppose -14*n + v*n + 1043 = 0. Is n a composite number?
False
Let o = -580 - -785. Suppose -202*q = -o*q + 19821. Is q composite?
False
Is -2*((-392)/8 + 8)*487/2 prime?
False
Suppose 5*i + 3*l + 12 = 8*i, 0 = -5*i + 4*l + 19. Let v be (-1)/((4/(33 + i))/(-1)). Suppose 4*w - v*w = -16015. Is w prime?
True
Let k(h) = 248*h - 79. Let c = 439 + -432. Is k(c) a prime number?
True
Suppose 3*f = 5*m + 294733, -491239 = -5*f - 43*m + 47*m. Is f a composite number?
False
Suppose -5*b + 4*l + 3954057 = 0, 2*b + 0*b = 2*l + 1581620. Is b composite?
False
Suppose -b = -p + 1659, 2*p = -2*b + b + 3309. Let n = -1826 - -4674. Suppose -8*y = -n - p. Is y a prime number?
True
Suppose -10*l + 6 = -64. Suppose -l*s - 7*s = -103978. Is s prime?
False
Suppose 11*v - 24950 = 18324. Let u = -1335 + v. Is u prime?
False
Let b(a) = -296*a + 58*a + 0 + 30 - 7. Let i = -23 - -18. Is b(i) prime?
True
Let i(l) = -11*l**3 + 5*l**2 - 3*l + 1. Let w be i(1). Is 363 + w*(-7)/(-14) a composite number?
False
Suppose 0 = -86*n + 2278725 - 2387454 + 14748251. Is n a composite number?
False
Let s(u) = 19*u**3 - 17*u**2 + 43*u - 1. Let a be 12*((1 - 2) + 5/3). Is s(a) a prime number?
False
Let h = 101 - 104. Is (h - -3)/(-3) + -2 + 4751 a prime number?
False
Suppose -3*u - g - 28 = -0*g, -u + 2*g = 0. Let f(t) = -227*t + 31. Is f(u) prime?
True
Suppose -3*l = 216*y - 213*y - 1544259, 2*y + 4*l = 1029510. Is y a composite number?
False
Let t be (-2)/(((-9)/(-2) - 2) + -3). Suppose -x = -t*x + 4*u + 22, -x - 5*u = 18. Suppose x*l = 322 - 68. Is l a prime number?
True
Suppose -h - q = -6, 0*q + 9 = h - 2*q. Suppose -4*g = -5 - h. Suppose 5*n - j - j = 1109, -g*j - 6 = 0. Is n prime?
False
Let l(z) = -15930*z + 1667. Is l(-7) composite?
False
Let h = 88692 - 59891. Is h a prime number?
False
Suppose -20*m + 1148615 - 41695 = 0. Is m composite?
True
Let s = 7